**2 - 3*l - 13. Let c be n(-4). Let s = -213 + c. Calculate the highest common divisor of g and s.
21
Let x = -11216 - -11513. What is the greatest common factor of 243 and x?
27
Suppose 15*x = 14*x - 5. Let r be x/4*48/(-12). Suppose 42 = i - 3. What is the greatest common factor of r and i?
5
Suppose 0 = 3*i - 2844 - 1550 - 337. What is the greatest common factor of 380 and i?
19
Let m(h) = -8*h**2 - 423*h + 117. Let s be m(-53). Calculate the highest common factor of 5392 and s.
16
Suppose -7*j + 1008 = 21*j. Suppose -91 = -j*g + 233. What is the highest common factor of 144 and g?
9
Let s = 747 - 696. Suppose 2*r - 3*r = 3*u - s, -10 = -5*u. Calculate the highest common factor of 405 and r.
45
Suppose -4*f - 10030 = -14*f. Let n = f - 991. What is the greatest common divisor of n and 36?
12
Suppose n - 6*n - 4*u = -15, -5*u = 0. Suppose -363 = -q - 3*k, q - n*q = 2*k - 746. What is the greatest common divisor of q and 42?
42
Suppose -q = -3*g + 390 + 244, -4*g = q - 836. Suppose -5*c + 1721 = -3*u, c - g = -3*u + 127. What is the highest common factor of c and 147?
49
Let o = 13933 - 13909. Calculate the greatest common factor of 1812 and o.
12
Let v be (1 - 5)*(-54 - -42). What is the highest common factor of v and 150?
6
Suppose 6 = -14*s + 76. Let y be ((-21970)/(-3))/s*(-6)/(-4). What is the greatest common factor of 13 and y?
13
Let o be (-12156)/(-56) + (-1)/14. Let u = 220 - o. What is the highest common factor of 198 and u?
3
Suppose 3*x + 53 = y, 3*x - 23 = -3*y + 100. Suppose k + 11 = y. What is the greatest common divisor of k and 297?
33
Suppose t + a = -140 + 26, 2*t + 232 = 2*a. Let q = t - -134. What is the highest common factor of q and 247?
19
Let l(t) = -t**2 - 35*t - 208. Let d be l(-27). Calculate the highest common divisor of 214 and d.
2
Suppose -17316 = 10*l - 85*l - 36*l. Calculate the greatest common factor of l and 1781.
13
Let b(s) = -3*s**3 - 4*s**2 - 6*s - 5. Let z be b(-2). Calculate the highest common divisor of 645 and z.
15
Let v(w) be the second derivative of -w**5/20 - 5*w**4/6 - 11*w**3/6 - w**2/2 - 62*w. Let p be v(-10). Calculate the highest common divisor of 1 and p.
1
Let a be -4 + (284/7)/((-24)/(-84)). Let f = a - 113. Calculate the highest common factor of 5 and f.
5
Suppose -a - v = -8, -9*a + 3*v = -5*a - 53. Suppose a*w = 350 + 398. Calculate the highest common divisor of 16 and w.
4
Let i = 367 + -194. Let g = -74 + i. What is the greatest common factor of 27 and g?
9
Let m(r) = 16*r**2 - 22*r + 101. Let q be m(8). What is the greatest common factor of q and 26?
13
Let x be 6/(-27)*-30*3. Let v = -28703 + 28707. Calculate the greatest common factor of v and x.
4
Suppose -h = h - 130. Let x be -4 + (2/12 - 69/(-18)). Let o be (-13 + 0)/(5 + -6 + x). Calculate the greatest common divisor of h and o.
13
Let n(u) = -1068*u + 360. Let m be n(-14). What is the highest common factor of 48 and m?
48
Let m(g) = 78*g - 318. Let a be m(10). Suppose -456*j - 240 = -a*j. Calculate the highest common factor of j and 640.
40
Suppose -9*h - 30*h + 1056 = -6*h. What is the highest common divisor of 9376 and h?
32
Suppose -507*f = -509*f - 572. Let d = 422 + f. Calculate the greatest common factor of d and 16.
8
Let i be (-808)/6 - 18/(-27). Let y = i - -190. Calculate the greatest common factor of y and 7.
7
Let u(k) = 3*k**2 + 81*k + 71. Let a be u(-26). Let l be (-627)/(-44)*(-2 + -1 - a). What is the highest common factor of l and 18?
3
Suppose -3*m - 3 = 0, 3*p + m = 1338 + 1028. What is the greatest common divisor of p and 3?
3
Let b(o) = -o**3 - 21*o**2 + o + 18. Let f be b(-21). Let z be 8/(4 + f) - 0/1. Suppose -143 + z = -5*l. Calculate the greatest common divisor of l and 9.
9
Suppose -524*i - 874636 + 13482783 = -7830997. What is the highest common divisor of 198 and i?
198
Let v = -12 + 199. Let q = v - 127. Calculate the highest common factor of 108 and q.
12
Let b be 2298/5 - (4 + 44/(-10)). Let a be -10*(2 + 3 - 7). Calculate the highest common divisor of b and a.
20
Let l = 2700 + -2142. What is the highest common divisor of 1314 and l?
18
Suppose 238*y = -97*y + 2075325. Calculate the highest common divisor of 59 and y.
59
Suppose 3*q - 6 + 0 - 12 = 2*h, -3*h = 0. What is the highest common divisor of q and 10950?
6
Suppose 4*s - d = 237, -3*s + 195 = 5*d - 0*d. Let a(t) = 241*t - 133. Let l be a(1). What is the greatest common divisor of l and s?
12
Let a(d) = -2*d**3 + d**2 - 3*d + 168. Suppose -4*t - b = -4, 2*t + 0*t + b = 4. Let n be a(t). Let r = 339 - n. What is the highest common divisor of 19 and r?
19
Suppose -3*k + 195 = 3*x, -k - 57 = -2*k + 3*x. Let a be 102/(1 + (-54)/66). Let g = a + -552. What is the highest common factor of g and k?
9
Suppose 0 = -0*p + 5*p - 15. Suppose i = p*i - i. Suppose 5*m - 2*m - 120 = i. What is the highest common factor of 5 and m?
5
Suppose -901*m - 438 - 1482 = -913*m. Calculate the greatest common factor of m and 48.
16
Suppose 2*w - 5*v - 5958 = 0, v + 10 = 6*v. Let l = -2099 + w. What is the highest common divisor of 15 and l?
15
Suppose 0 = 7*z - 4*z + 57. Let r = z - -19. Suppose r = -13*j + 8*j + 280. Calculate the greatest common factor of 7 and j.
7
Let s(g) = 49*g - 2. Let w be s(2). Suppose -1412*v + 1441*v = 362 + 102. Calculate the greatest common factor of v and w.
16
Suppose 0 = 147*h - 71*h - 3192. What is the greatest common factor of h and 3402?
42
Let z(t) = -t**2 + 17*t - 21. Let r be z(12). Suppose -r + 215 = 2*a. What is the highest common factor of 22 and a?
22
Let h(m) = -m**2 - 11*m + 10. Let o be h(-5). Suppose o = u + 3*u. Suppose -38 - 7 = -3*q. Calculate the greatest common divisor of u and q.
5
Let j be 1/(28/(-399)*1/4). Let i be 3 + -6 + -3 - j. Calculate the highest common divisor of 51 and i.
51
Suppose 24*s + 6347 = 99574 + 346381. Calculate the greatest common factor of 13 and s.
13
Let n = 118 - 92. Let t = 87 - n. Suppose 0 = 4*u + 4*g - 64, 2*u - 6 - t = 5*g. Calculate the greatest common divisor of 9 and u.
3
Let c = -287 + 290. Let h(n) = 4*n**3 - n**2 - 9*n + 23. Let g be h(c). Let f(d) = 14*d - 4. Let z be f(3). Calculate the highest common factor of z and g.
19
Let x be (2464/2)/4 + -2. Let r = -424 - -441. Calculate the highest common divisor of r and x.
17
Suppose 11*p = -2*p + 260. Let w be (4*(-66)/(-24))/((-2)/p). Let o = 127 + w. What is the highest common divisor of o and 17?
17
Let r = -103 + 106. Let a be (-7)/28 + r/12. Let g be a + 4 - -6*(-2)/4. What is the highest common divisor of g and 9?
1
Let i = -355 + 120. Let z = 265 + i. Calculate the greatest common divisor of z and 110.
10
Suppose 2*t - 45*d + 41*d - 1668 = 0, -5*t = 2*d - 4110. What is the greatest common divisor of t and 4?
4
Suppose 15*f - 5263 = -4*f + 39577. What is the greatest common divisor of 40 and f?
40
Let x = 73 + -124. Let g(m) = 2*m**2 - 29*m - 77. Let k be g(15). Let v = x - k. What is the highest common factor of v and 99?
11
Suppose 146 = 5*x + f + 2*f, -4*x = 2*f - 116. Suppose 4 - x = -8*t. Let z = 23 + t. Calculate the highest common factor of z and 2.
2
Let b = 487 + -474. Suppose 15*q - b*q - 112 = 0. What is the highest common divisor of 112 and q?
56
Let a(c) = 3*c - 25. Suppose s - 4*h = 26, -4*h = -s - s + 40. Let i be a(s). Suppose -i + 65 = 6*u. What is the greatest common factor of 8 and u?
8
Let g(k) = 202*k**2 + 55*k - 118. Let r be g(2). Calculate the greatest common factor of r and 70.
10
Suppose 2*s - t = 2163, -1869 - 290 = -2*s + 5*t. Suppose -s*g = -1077*g - 20. Calculate the greatest common factor of g and 4.
4
Let o(y) = -y**2 - 29*y + 1. Let f(j) = -j. Let c(w) = 3*f(w) - o(w). Let g be c(-27). Calculate the highest common factor of g and 26.
26
Let d be ((-6)/39 - 201/(-39)) + -27. Let m be d/6 + 3 - (-400)/6. What is the highest common divisor of 6 and m?
6
Suppose 0 = -6*y - 3 + 9. Let w be (5/(-15))/(1/(-54))*y. Let q be 3 + (-2 - -1)*-9. Calculate the greatest common divisor of q and w.
6
Suppose -296 = -3*i + 166. Calculate the highest common factor of i and 644.
14
Let n = 26 - 58. Let l = 34 + n. Suppose -80 = -4*q + 3*p - l*p, -3*q + 5*p = -43. What is the greatest common factor of q and 105?
21
Let a be (15 + 0 - -3)*152/57. Calculate the highest common divisor of 84 and a.
12
Le